[INFO] cloning repository https://github.com/Deukhoofd/Deukbot5
[INFO] running `Command { std: "git" "-c" "credential.helper=" "-c" "credential.helper=/workspace/cargo-home/bin/git-credential-null" "clone" "--bare" "https://github.com/Deukhoofd/Deukbot5" "/workspace/cache/git-repos/https%3A%2F%2Fgithub.com%2FDeukhoofd%2FDeukbot5", kill_on_drop: false }`
[INFO] [stderr] Cloning into bare repository '/workspace/cache/git-repos/https%3A%2F%2Fgithub.com%2FDeukhoofd%2FDeukbot5'...
[INFO] running `Command { std: "git" "rev-parse" "HEAD", kill_on_drop: false }`
[INFO] [stdout] 85bcb6522e66d4e28e053efd17f0397dda8c3616
[INFO] checking Deukhoofd/Deukbot5 against master#9610dfe5a9a731ced1ea4923ecbd0c57fe367898 for beta-170-4
[INFO] running `Command { std: "git" "clone" "/workspace/cache/git-repos/https%3A%2F%2Fgithub.com%2FDeukhoofd%2FDeukbot5" "/workspace/builds/worker-3-tc1/source", kill_on_drop: false }`
[INFO] [stderr] Cloning into '/workspace/builds/worker-3-tc1/source'...
[INFO] [stderr] done.
[INFO] validating manifest of git repo https://github.com/Deukhoofd/Deukbot5 on toolchain 9610dfe5a9a731ced1ea4923ecbd0c57fe367898
[INFO] running `Command { std: CARGO_HOME="/workspace/cargo-home" RUSTUP_HOME="/workspace/rustup-home" "/workspace/cargo-home/bin/cargo" "+9610dfe5a9a731ced1ea4923ecbd0c57fe367898" "metadata" "--manifest-path" "Cargo.toml" "--no-deps", kill_on_drop: false }`
[INFO] started tweaking git repo https://github.com/Deukhoofd/Deukbot5
[INFO] finished tweaking git repo https://github.com/Deukhoofd/Deukbot5
[INFO] tweaked toml for git repo https://github.com/Deukhoofd/Deukbot5 written to /workspace/builds/worker-3-tc1/source/Cargo.toml
[INFO] crate git repo https://github.com/Deukhoofd/Deukbot5 already has a lockfile, it will not be regenerated
[INFO] running `Command { std: CARGO_HOME="/workspace/cargo-home" RUSTUP_HOME="/workspace/rustup-home" "/workspace/cargo-home/bin/cargo" "+9610dfe5a9a731ced1ea4923ecbd0c57fe367898" "fetch" "--manifest-path" "Cargo.toml", kill_on_drop: false }`
[INFO] [stderr]     Updating crates.io index
[INFO] [stderr]     Updating git repository `https://github.com/serenity-rs/serenity.git`
[INFO] [stderr]  Downloading crates ...
[INFO] [stderr]   Downloaded async-tungstenite v0.11.0
[INFO] [stderr]   Downloaded enum-display-derive v0.1.1
[INFO] [stderr]   Downloaded sha-1 v0.9.4
[INFO] [stderr]   Downloaded postgres-protocol v0.6.0
[INFO] [stderr]   Downloaded typemap_rev v0.1.4
[INFO] [stderr]   Downloaded tokio-postgres v0.7.0
[INFO] [stderr]   Downloaded simplelog v0.10.0
[INFO] [stderr]   Downloaded siphasher v0.3.5
[INFO] [stderr]   Downloaded postgres-types v0.2.0
[INFO] [stderr]   Downloaded vader_sentiment v0.1.0
[INFO] running `Command { std: "docker" "create" "-v" "/var/lib/crater-agent-workspace/builds/worker-3-tc1/target:/opt/rustwide/target:rw,Z" "-v" "/var/lib/crater-agent-workspace/builds/worker-3-tc1/source:/opt/rustwide/workdir:ro,Z" "-v" "/var/lib/crater-agent-workspace/cargo-home:/opt/rustwide/cargo-home:ro,Z" "-v" "/var/lib/crater-agent-workspace/rustup-home:/opt/rustwide/rustup-home:ro,Z" "-e" "SOURCE_DIR=/opt/rustwide/workdir" "-e" "CARGO_TARGET_DIR=/opt/rustwide/target" "-e" "CARGO_HOME=/opt/rustwide/cargo-home" "-e" "RUSTUP_HOME=/opt/rustwide/rustup-home" "-w" "/opt/rustwide/workdir" "-m" "1610612736" "--user" "0:0" "--network" "none" "ghcr.io/rust-lang/crates-build-env/linux@sha256:19e73879b68f455e41552ea35293514db52ea292d993f571636dbffedb77a1ee" "/opt/rustwide/cargo-home/bin/cargo" "+9610dfe5a9a731ced1ea4923ecbd0c57fe367898" "metadata" "--no-deps" "--format-version=1", kill_on_drop: false }`
[INFO] [stdout] 8b32b447ee01903260cf9428ec6ca2945086d7ce0e9f48c79327d42d88aa2eb6
[INFO] running `Command { std: "docker" "start" "-a" "8b32b447ee01903260cf9428ec6ca2945086d7ce0e9f48c79327d42d88aa2eb6", kill_on_drop: false }`
[INFO] running `Command { std: "docker" "inspect" "8b32b447ee01903260cf9428ec6ca2945086d7ce0e9f48c79327d42d88aa2eb6", kill_on_drop: false }`
[INFO] running `Command { std: "docker" "rm" "-f" "8b32b447ee01903260cf9428ec6ca2945086d7ce0e9f48c79327d42d88aa2eb6", kill_on_drop: false }`
[INFO] [stdout] 8b32b447ee01903260cf9428ec6ca2945086d7ce0e9f48c79327d42d88aa2eb6
[INFO] running `Command { std: "docker" "create" "-v" "/var/lib/crater-agent-workspace/builds/worker-3-tc1/target:/opt/rustwide/target:rw,Z" "-v" "/var/lib/crater-agent-workspace/builds/worker-3-tc1/source:/opt/rustwide/workdir:ro,Z" "-v" "/var/lib/crater-agent-workspace/cargo-home:/opt/rustwide/cargo-home:ro,Z" "-v" "/var/lib/crater-agent-workspace/rustup-home:/opt/rustwide/rustup-home:ro,Z" "-e" "SOURCE_DIR=/opt/rustwide/workdir" "-e" "CARGO_TARGET_DIR=/opt/rustwide/target" "-e" "CARGO_INCREMENTAL=0" "-e" "RUST_BACKTRACE=full" "-e" "RUSTFLAGS=--cap-lints=forbid" "-e" "RUSTDOCFLAGS=--cap-lints=forbid" "-e" "CARGO_HOME=/opt/rustwide/cargo-home" "-e" "RUSTUP_HOME=/opt/rustwide/rustup-home" "-w" "/opt/rustwide/workdir" "-m" "1610612736" "--user" "0:0" "--network" "none" "ghcr.io/rust-lang/crates-build-env/linux@sha256:19e73879b68f455e41552ea35293514db52ea292d993f571636dbffedb77a1ee" "/opt/rustwide/cargo-home/bin/cargo" "+9610dfe5a9a731ced1ea4923ecbd0c57fe367898" "check" "--frozen" "--all" "--all-targets" "--message-format=json", kill_on_drop: false }`
[INFO] [stdout] 2d12b4b8b940da5ac58afced60489091d18140a1f688f846b0baaf64c4408583
[INFO] running `Command { std: "docker" "start" "-a" "2d12b4b8b940da5ac58afced60489091d18140a1f688f846b0baaf64c4408583", kill_on_drop: false }`
[INFO] [stderr]    Compiling libc v0.2.92
[INFO] [stderr]    Compiling autocfg v1.0.1
[INFO] [stderr]     Checking cfg-if v1.0.0
[INFO] [stderr]    Compiling proc-macro2 v1.0.26
[INFO] [stderr]    Compiling unicode-xid v0.2.1
[INFO] [stderr]    Compiling syn v1.0.68
[INFO] [stderr]    Compiling version_check v0.9.3
[INFO] [stderr]    Compiling memchr v2.3.4
[INFO] [stderr]    Compiling log v0.4.14
[INFO] [stderr]     Checking once_cell v1.7.2
[INFO] [stderr]    Compiling typenum v1.13.0
[INFO] [stderr]     Checking pin-project-lite v0.2.6
[INFO] [stderr]     Checking bytes v1.0.1
[INFO] [stderr]    Compiling proc-macro-hack v0.5.19
[INFO] [stderr]    Compiling cc v1.0.67
[INFO] [stderr]     Checking matches v0.1.8
[INFO] [stderr]     Checking instant v0.1.9
[INFO] [stderr]     Checking tinyvec_macros v0.1.0
[INFO] [stderr]     Checking scopeguard v1.1.0
[INFO] [stderr]     Checking smallvec v1.6.1
[INFO] [stderr]     Checking futures-sink v0.3.13
[INFO] [stderr]    Compiling proc-macro-nested v0.1.7
[INFO] [stderr]     Checking futures-core v0.3.13
[INFO] [stderr]     Checking lock_api v0.4.2
[INFO] [stderr]     Checking tinyvec v1.1.1
[INFO] [stderr]     Checking untrusted v0.7.1
[INFO] [stderr]     Checking spin v0.5.2
[INFO] [stderr]     Checking itoa v0.4.7
[INFO] [stderr]     Checking futures-channel v0.3.13
[INFO] [stderr]     Checking unicode-bidi v0.3.4
[INFO] [stderr]     Checking ppv-lite86 v0.2.10
[INFO] [stderr]    Compiling generic-array v0.14.4
[INFO] [stderr]     Checking pin-utils v0.1.0
[INFO] [stderr]     Checking futures-task v0.3.13
[INFO] [stderr]     Checking slab v0.4.2
[INFO] [stderr]     Checking futures-io v0.3.13
[INFO] [stderr]    Compiling unicase v2.6.0
[INFO] [stderr]    Compiling num-traits v0.2.14
[INFO] [stderr]    Compiling tokio v1.4.0
[INFO] [stderr]    Compiling num-integer v0.1.44
[INFO] [stderr]     Checking fnv v1.0.7
[INFO] [stderr]    Compiling serde_derive v1.0.125
[INFO] [stderr]     Checking base64 v0.13.0
[INFO] [stderr]    Compiling getrandom v0.1.16
[INFO] [stderr]     Checking http v0.2.3
[INFO] [stderr]     Checking opaque-debug v0.3.0
[INFO] [stderr]     Checking lazy_static v1.4.0
[INFO] [stderr]     Checking cpuid-bool v0.1.2
[INFO] [stderr]     Checking percent-encoding v2.1.0
[INFO] [stderr]    Compiling serde v1.0.125
[INFO] [stderr]    Compiling getrandom v0.2.2
[INFO] [stderr]    Compiling httparse v1.3.5
[INFO] [stderr]    Compiling indexmap v1.6.2
[INFO] [stderr]     Checking tracing-core v0.1.17
[INFO] [stderr]    Compiling quote v1.0.9
[INFO] [stderr]     Checking form_urlencoded v1.0.1
[INFO] [stderr]    Compiling ryu v1.0.5
[INFO] [stderr]     Checking hashbrown v0.9.1
[INFO] [stderr]     Checking unicode-normalization v0.1.17
[INFO] [stderr]     Checking byteorder v1.4.3
[INFO] [stderr]     Checking parking_lot_core v0.8.3
[INFO] [stderr]     Checking num_cpus v1.13.0
[INFO] [stderr]     Checking signal-hook-registry v1.3.0
[INFO] [stderr]     Checking mio v0.7.11
[INFO] [stderr]     Checking parking_lot v0.11.1
[INFO] [stderr]     Checking try-lock v0.2.3
[INFO] [stderr]     Checking subtle v2.4.0
[INFO] [stderr]     Checking want v0.3.0
[INFO] [stderr]     Checking rand_core v0.5.1
[INFO] [stderr]     Checking rand_core v0.6.2
[INFO] [stderr]    Compiling ring v0.16.20
[INFO] [stderr]     Checking socket2 v0.4.0
[INFO] [stderr]    Compiling mime_guess v2.0.3
[INFO] [stderr]    Compiling num-bigint v0.4.0
[INFO] [stderr]    Compiling miniz_oxide v0.4.4
[INFO] [stderr]     Checking rand_chacha v0.2.2
[INFO] [stderr]     Checking rand_chacha v0.3.0
[INFO] [stderr]    Compiling proc-macro-error-attr v1.0.4
[INFO] [stderr]     Checking tower-service v0.3.1
[INFO] [stderr]    Compiling async-trait v0.1.48
[INFO] [stderr]    Compiling encoding_rs v0.8.28
[INFO] [stderr]     Checking httpdate v0.3.2
[INFO] [stderr]    Compiling crc32fast v1.2.1
[INFO] [stderr]     Checking bytes v0.5.6
[INFO] [stderr]    Compiling serde_json v1.0.64
[INFO] [stderr]     Checking rand v0.8.3
[INFO] [stderr]     Checking rand v0.7.3
[INFO] [stderr]     Checking time v0.1.44
[INFO] [stderr]    Compiling num-iter v0.1.42
[INFO] [stderr]     Checking idna v0.2.2
[INFO] [stderr]     Checking stringprep v0.1.2
[INFO] [stderr]    Compiling num-rational v0.4.0
[INFO] [stderr]    Compiling proc-macro-error v1.0.4
[INFO] [stderr]     Checking digest v0.9.0
[INFO] [stderr]     Checking block-buffer v0.9.0
[INFO] [stderr]     Checking crypto-mac v0.10.0
[INFO] [stderr]     Checking adler v1.0.2
[INFO] [stderr]     Checking fallible-iterator v0.2.0
[INFO] [stderr]     Checking utf-8 v0.7.5
[INFO] [stderr]     Checking hmac v0.10.1
[INFO] [stderr]     Checking sha2 v0.9.3
[INFO] [stderr]     Checking sha-1 v0.9.4
[INFO] [stderr]     Checking input_buffer v0.3.1
[INFO] [stderr]     Checking siphasher v0.3.5
[INFO] [stderr]    Compiling bitflags v1.2.1
[INFO] [stderr]     Checking base64 v0.12.3
[INFO] [stderr]     Checking md5 v0.7.0
[INFO] [stderr]     Checking mime v0.3.16
[INFO] [stderr]     Checking phf_shared v0.8.0
[INFO] [stderr]     Checking aho-corasick v0.7.15
[INFO] [stderr]     Checking regex-syntax v0.6.23
[INFO] [stderr]     Checking url v2.2.1
[INFO] [stderr]    Compiling serenity v0.10.5 (https://github.com/serenity-rs/serenity.git#d6e86df1)
[INFO] [stderr]     Checking ipnet v2.3.0
[INFO] [stderr]     Checking http-body v0.4.1
[INFO] [stderr]     Checking phf v0.8.0
[INFO] [stderr]     Checking postgres-protocol v0.6.0
[INFO] [stderr]     Checking num-complex v0.4.0
[INFO] [stderr]     Checking socket2 v0.3.19
[INFO] [stderr]     Checking maplit v1.0.2
[INFO] [stderr]     Checking termcolor v1.1.2
[INFO] [stderr]     Checking typemap_rev v0.1.4
[INFO] [stderr]     Checking flate2 v1.0.20
[INFO] [stderr]     Checking postgres-types v0.2.0
[INFO] [stderr]     Checking tungstenite v0.11.1
[INFO] [stderr]     Checking num v0.4.0
[INFO] [stderr]     Checking regex v1.4.5
[INFO] [stderr]     Checking webpki v0.21.4
[INFO] [stderr]     Checking sct v0.6.0
[INFO] [stderr]     Checking vader_sentiment v0.1.0
[INFO] [stderr]     Checking rustls v0.19.0
[INFO] [stderr]     Checking webpki-roots v0.20.0
[INFO] [stderr]     Checking webpki-roots v0.21.1
[INFO] [stderr]    Compiling futures-macro v0.3.13
[INFO] [stderr]    Compiling tokio-macros v1.1.0
[INFO] [stderr]    Compiling tracing-attributes v0.1.15
[INFO] [stderr]    Compiling pin-project-internal v1.0.6
[INFO] [stderr]    Compiling getset v0.1.1
[INFO] [stderr]    Compiling num-derive v0.3.3
[INFO] [stderr]    Compiling enum-display-derive v0.1.1
[INFO] [stderr]     Checking futures-util v0.3.13
[INFO] [stderr]     Checking tracing v0.1.25
[INFO] [stderr]     Checking pin-project v1.0.6
[INFO] [stderr]     Checking futures-executor v0.3.13
[INFO] [stderr]     Checking futures v0.3.13
[INFO] [stderr]     Checking tokio-util v0.6.5
[INFO] [stderr]     Checking tokio-rustls v0.22.0
[INFO] [stderr]     Checking async-tungstenite v0.11.0
[INFO] [stderr]     Checking h2 v0.3.2
[INFO] [stderr]     Checking tokio-postgres v0.7.0
[INFO] [stderr]     Checking serde_urlencoded v0.7.0
[INFO] [stderr]     Checking chrono v0.4.19
[INFO] [stderr]     Checking simplelog v0.10.0
[INFO] [stderr]     Checking hyper v0.14.5
[INFO] [stderr]     Checking hyper-rustls v0.22.1
[INFO] [stderr]     Checking reqwest v0.11.2
[INFO] [stderr]     Checking deukbot5 v0.1.0 (/opt/rustwide/workdir)
[INFO] [stdout] error[E0557]: feature has been removed
[INFO] [stdout]  --> src/main.rs:3:12
[INFO] [stdout]   |
[INFO] [stdout] 3 | #![feature(in_band_lifetimes)]
[INFO] [stdout]   |            ^^^^^^^^^^^^^^^^^ feature has been removed
[INFO] [stdout]   |
[INFO] [stdout]   = note: removed due to unsolved ergonomic questions and added lifetime resolution complexity
[INFO] [stdout] 
[INFO] [stdout] 
[INFO] [stdout] error[E0557]: feature has been removed
[INFO] [stdout]  --> src/main.rs:3:12
[INFO] [stdout]   |
[INFO] [stdout] 3 | #![feature(in_band_lifetimes)]
[INFO] [stdout]   |            ^^^^^^^^^^^^^^^^^ feature has been removed
[INFO] [stdout]   |
[INFO] [stdout]   = note: removed due to unsolved ergonomic questions and added lifetime resolution complexity
[INFO] [stdout] 
[INFO] [stdout] 
[INFO] [stdout] error[E0432]: unresolved import `std::lazy`
[INFO] [stdout]   --> src/message_handling/command_handler/slash_command_handling/mod.rs:14:10
[INFO] [stdout]    |
[INFO] [stdout] 14 | use std::lazy::SyncLazy;
[INFO] [stdout]    |          ^^^^ could not find `lazy` in `std`
[INFO] [stdout] 
[INFO] [stdout] 
[INFO] [stdout] error[E0432]: unresolved import `std::lazy`
[INFO] [stdout]   --> src/message_handling/command_handler/slash_command_handling/mod.rs:14:10
[INFO] [stdout]    |
[INFO] [stdout] 14 | use std::lazy::SyncLazy;
[INFO] [stdout]    |          ^^^^ could not find `lazy` in `std`
[INFO] [stdout] 
[INFO] [stdout] 
[INFO] [stdout] error[E0261]: use of undeclared lifetime name `'a`
[INFO] [stdout]  --> src/embed.rs:7:9
[INFO] [stdout]   |
[INFO] [stdout] 5 | pub fn setup_embed(
[INFO] [stdout]   |                   - help: consider introducing lifetime `'a` here: `<'a>`
[INFO] [stdout] 6 |     u: &CurrentUser,
[INFO] [stdout] 7 |     e: &'a mut serenity::builder::CreateEmbed,
[INFO] [stdout]   |         ^^ undeclared lifetime
[INFO] [stdout] 
[INFO] [stdout] 
[INFO] [stdout] error[E0261]: use of undeclared lifetime name `'a`
[INFO] [stdout]  --> src/embed.rs:7:9
[INFO] [stdout]   |
[INFO] [stdout] 5 | pub fn setup_embed(
[INFO] [stdout]   |                   - help: consider introducing lifetime `'a` here: `<'a>`
[INFO] [stdout] 6 |     u: &CurrentUser,
[INFO] [stdout] 7 |     e: &'a mut serenity::builder::CreateEmbed,
[INFO] [stdout]   |         ^^ undeclared lifetime
[INFO] [stdout] 
[INFO] [stdout] 
[INFO] [stdout] error[E0261]: use of undeclared lifetime name `'a`
[INFO] [stdout]   --> src/embed.rs:10:7
[INFO] [stdout]    |
[INFO] [stdout] 5  | pub fn setup_embed(
[INFO] [stdout]    |                   - help: consider introducing lifetime `'a` here: `<'a>`
[INFO] [stdout] ...
[INFO] [stdout] 10 | ) -> &'a mut CreateEmbed {
[INFO] [stdout]    |       ^^ undeclared lifetime
[INFO] [stdout] 
[INFO] [stdout] 
[INFO] [stdout] error[E0261]: use of undeclared lifetime name `'a`
[INFO] [stdout]   --> src/embed.rs:10:7
[INFO] [stdout]    |
[INFO] [stdout] 5  | pub fn setup_embed(
[INFO] [stdout]    |                   - help: consider introducing lifetime `'a` here: `<'a>`
[INFO] [stdout] ...
[INFO] [stdout] 10 | ) -> &'a mut CreateEmbed {
[INFO] [stdout]    |       ^^ undeclared lifetime
[INFO] [stdout] 
[INFO] [stdout] 
[INFO] [stdout] warning: unnecessary parentheses around match arm expression
[INFO] [stdout]    --> src/message_handling/command_handler/parameter_matcher.rs:100:32
[INFO] [stdout]     |
[INFO] [stdout] 100 |         ParameterType::Word => (" *(\\w+)"),
[INFO] [stdout]     |                                ^          ^
[INFO] [stdout]     |
[INFO] [stdout]     = note: `#[warn(unused_parens)]` on by default
[INFO] [stdout] help: remove these parentheses
[INFO] [stdout]     |
[INFO] [stdout] 100 -         ParameterType::Word => (" *(\\w+)"),
[INFO] [stdout] 100 +         ParameterType::Word => " *(\\w+)",
[INFO] [stdout]     |
[INFO] [stdout] 
[INFO] [stdout] 
[INFO] [stdout] warning: unnecessary parentheses around match arm expression
[INFO] [stdout]    --> src/message_handling/command_handler/parameter_matcher.rs:101:34
[INFO] [stdout]     |
[INFO] [stdout] 101 |         ParameterType::Number => (" *(\\d+)(?:$| |\n)"),
[INFO] [stdout]     |                                  ^                    ^
[INFO] [stdout]     |
[INFO] [stdout] help: remove these parentheses
[INFO] [stdout]     |
[INFO] [stdout] 101 -         ParameterType::Number => (" *(\\d+)(?:$| |\n)"),
[INFO] [stdout] 101 +         ParameterType::Number => " *(\\d+)(?:$| |\n)",
[INFO] [stdout]     |
[INFO] [stdout] 
[INFO] [stdout] 
[INFO] [stdout] warning: unnecessary parentheses around match arm expression
[INFO] [stdout]    --> src/message_handling/command_handler/parameter_matcher.rs:102:37
[INFO] [stdout]     |
[INFO] [stdout] 102 |         ParameterType::Remainder => (" *(.*)"),
[INFO] [stdout]     |                                     ^        ^
[INFO] [stdout]     |
[INFO] [stdout] help: remove these parentheses
[INFO] [stdout]     |
[INFO] [stdout] 102 -         ParameterType::Remainder => (" *(.*)"),
[INFO] [stdout] 102 +         ParameterType::Remainder => " *(.*)",
[INFO] [stdout]     |
[INFO] [stdout] 
[INFO] [stdout] 
[INFO] [stdout] warning: unnecessary parentheses around match arm expression
[INFO] [stdout]    --> src/message_handling/command_handler/parameter_matcher.rs:103:32
[INFO] [stdout]     |
[INFO] [stdout] 103 |         ParameterType::User => (" *(?:<@!*(\\d+)>|(\\d+)|(\\w+)(?:$| |\n))"),
[INFO] [stdout]     |                                ^                                           ^
[INFO] [stdout]     |
[INFO] [stdout] help: remove these parentheses
[INFO] [stdout]     |
[INFO] [stdout] 103 -         ParameterType::User => (" *(?:<@!*(\\d+)>|(\\d+)|(\\w+)(?:$| |\n))"),
[INFO] [stdout] 103 +         ParameterType::User => " *(?:<@!*(\\d+)>|(\\d+)|(\\w+)(?:$| |\n))",
[INFO] [stdout]     |
[INFO] [stdout] 
[INFO] [stdout] 
[INFO] [stdout] warning: unnecessary parentheses around match arm expression
[INFO] [stdout]    --> src/message_handling/command_handler/parameter_matcher.rs:104:36
[INFO] [stdout]     |
[INFO] [stdout] 104 |         ParameterType::Timespan => (" *(?\\d+\\.*\\d*[smhd])"),
[INFO] [stdout]     |                                    ^                         ^
[INFO] [stdout]     |
[INFO] [stdout] help: remove these parentheses
[INFO] [stdout]     |
[INFO] [stdout] 104 -         ParameterType::Timespan => (" *(?\\d+\\.*\\d*[smhd])"),
[INFO] [stdout] 104 +         ParameterType::Timespan => " *(?\\d+\\.*\\d*[smhd])",
[INFO] [stdout]     |
[INFO] [stdout] 
[INFO] [stdout] 
[INFO] [stdout] warning: unnecessary parentheses around match arm expression
[INFO] [stdout]   --> src/message_handling/command_handler/slash_command_handling/global_commands.rs:63:17
[INFO] [stdout]    |
[INFO] [stdout] 63 |         None => (get_user(interaction)),
[INFO] [stdout]    |                 ^                     ^
[INFO] [stdout]    |
[INFO] [stdout] help: remove these parentheses
[INFO] [stdout]    |
[INFO] [stdout] 63 -         None => (get_user(interaction)),
[INFO] [stdout] 63 +         None => get_user(interaction),
[INFO] [stdout]    |
[INFO] [stdout] 
[INFO] [stdout] 
[INFO] [stdout] warning: unnecessary parentheses around match arm expression
[INFO] [stdout]    --> src/message_handling/command_handler/parameter_matcher.rs:100:32
[INFO] [stdout]     |
[INFO] [stdout] 100 |         ParameterType::Word => (" *(\\w+)"),
[INFO] [stdout]     |                                ^          ^
[INFO] [stdout]     |
[INFO] [stdout]     = note: `#[warn(unused_parens)]` on by default
[INFO] [stdout] help: remove these parentheses
[INFO] [stdout]     |
[INFO] [stdout] 100 -         ParameterType::Word => (" *(\\w+)"),
[INFO] [stdout] 100 +         ParameterType::Word => " *(\\w+)",
[INFO] [stdout]     |
[INFO] [stdout] 
[INFO] [stdout] 
[INFO] [stdout] warning: unnecessary parentheses around match arm expression
[INFO] [stdout]    --> src/message_handling/command_handler/parameter_matcher.rs:101:34
[INFO] [stdout]     |
[INFO] [stdout] 101 |         ParameterType::Number => (" *(\\d+)(?:$| |\n)"),
[INFO] [stdout]     |                                  ^                    ^
[INFO] [stdout]     |
[INFO] [stdout] help: remove these parentheses
[INFO] [stdout]     |
[INFO] [stdout] 101 -         ParameterType::Number => (" *(\\d+)(?:$| |\n)"),
[INFO] [stdout] 101 +         ParameterType::Number => " *(\\d+)(?:$| |\n)",
[INFO] [stdout]     |
[INFO] [stdout] 
[INFO] [stdout] 
[INFO] [stdout] warning: unnecessary parentheses around match arm expression
[INFO] [stdout]    --> src/message_handling/command_handler/parameter_matcher.rs:102:37
[INFO] [stdout]     |
[INFO] [stdout] 102 |         ParameterType::Remainder => (" *(.*)"),
[INFO] [stdout]     |                                     ^        ^
[INFO] [stdout]     |
[INFO] [stdout] help: remove these parentheses
[INFO] [stdout]     |
[INFO] [stdout] 102 -         ParameterType::Remainder => (" *(.*)"),
[INFO] [stdout] 102 +         ParameterType::Remainder => " *(.*)",
[INFO] [stdout]     |
[INFO] [stdout] 
[INFO] [stdout] 
[INFO] [stdout] warning: unnecessary parentheses around match arm expression
[INFO] [stdout]    --> src/message_handling/command_handler/parameter_matcher.rs:103:32
[INFO] [stdout]     |
[INFO] [stdout] 103 |         ParameterType::User => (" *(?:<@!*(\\d+)>|(\\d+)|(\\w+)(?:$| |\n))"),
[INFO] [stdout]     |                                ^                                           ^
[INFO] [stdout]     |
[INFO] [stdout] help: remove these parentheses
[INFO] [stdout]     |
[INFO] [stdout] 103 -         ParameterType::User => (" *(?:<@!*(\\d+)>|(\\d+)|(\\w+)(?:$| |\n))"),
[INFO] [stdout] 103 +         ParameterType::User => " *(?:<@!*(\\d+)>|(\\d+)|(\\w+)(?:$| |\n))",
[INFO] [stdout]     |
[INFO] [stdout] 
[INFO] [stdout] 
[INFO] [stdout] warning: unnecessary parentheses around match arm expression
[INFO] [stdout]    --> src/message_handling/command_handler/parameter_matcher.rs:104:36
[INFO] [stdout]     |
[INFO] [stdout] 104 |         ParameterType::Timespan => (" *(?\\d+\\.*\\d*[smhd])"),
[INFO] [stdout]     |                                    ^                         ^
[INFO] [stdout]     |
[INFO] [stdout] help: remove these parentheses
[INFO] [stdout]     |
[INFO] [stdout] 104 -         ParameterType::Timespan => (" *(?\\d+\\.*\\d*[smhd])"),
[INFO] [stdout] 104 +         ParameterType::Timespan => " *(?\\d+\\.*\\d*[smhd])",
[INFO] [stdout]     |
[INFO] [stdout] 
[INFO] [stdout] 
[INFO] [stdout] warning: unnecessary parentheses around match arm expression
[INFO] [stdout]   --> src/message_handling/command_handler/slash_command_handling/global_commands.rs:63:17
[INFO] [stdout]    |
[INFO] [stdout] 63 |         None => (get_user(interaction)),
[INFO] [stdout]    |                 ^                     ^
[INFO] [stdout]    |
[INFO] [stdout] help: remove these parentheses
[INFO] [stdout]    |
[INFO] [stdout] 63 -         None => (get_user(interaction)),
[INFO] [stdout] 63 +         None => get_user(interaction),
[INFO] [stdout]    |
[INFO] [stdout] 
[INFO] [stdout] 
[INFO] [stdout] warning: the feature `once_cell` has been stable since 1.70.0 and no longer requires an attribute to enable
[INFO] [stdout]  --> src/main.rs:4:12
[INFO] [stdout]   |
[INFO] [stdout] 4 | #![feature(once_cell)]
[INFO] [stdout]   |            ^^^^^^^^^
[INFO] [stdout]   |
[INFO] [stdout]   = note: `#[warn(stable_features)]` on by default
[INFO] [stdout] 
[INFO] [stdout] 
[INFO] [stdout] warning: the feature `once_cell` has been stable since 1.70.0 and no longer requires an attribute to enable
[INFO] [stdout]  --> src/main.rs:4:12
[INFO] [stdout]   |
[INFO] [stdout] 4 | #![feature(once_cell)]
[INFO] [stdout]   |            ^^^^^^^^^
[INFO] [stdout]   |
[INFO] [stdout]   = note: `#[warn(stable_features)]` on by default
[INFO] [stdout] 
[INFO] [stdout] 
[INFO] [stdout] error[E0521]: borrowed data escapes outside of closure
[INFO] [stdout]   --> src/message_handling/command_handler/command_groups/general_commands.rs:88:13
[INFO] [stdout]    |
[INFO] [stdout] 87 |           m.embed(|e| {
[INFO] [stdout]    |                    -
[INFO] [stdout]    |                    |
[INFO] [stdout]    |                    `e` is a reference that is only valid in the closure body
[INFO] [stdout]    |                    has type `&'1 mut CreateEmbed`
[INFO] [stdout] 88 | /             setup_embed(
[INFO] [stdout] 89 | |                 &req.current_user,
[INFO] [stdout] 90 | |                 e,
[INFO] [stdout] 91 | |                 "Deukbot",
[INFO] [stdout] 92 | |                 "A bot designed by Deukhoofd",
[INFO] [stdout] 93 | |             )
[INFO] [stdout]    | |             ^
[INFO] [stdout]    | |             |
[INFO] [stdout]    | |_____________`e` escapes the closure body here
[INFO] [stdout]    |               argument requires that `'1` must outlive `'static`
[INFO] [stdout] 
[INFO] [stdout] 
[INFO] [stdout] error[E0521]: borrowed data escapes outside of closure
[INFO] [stdout]   --> src/message_handling/command_handler/command_groups/general_commands.rs:88:13
[INFO] [stdout]    |
[INFO] [stdout] 87 |           m.embed(|e| {
[INFO] [stdout]    |                    -
[INFO] [stdout]    |                    |
[INFO] [stdout]    |                    `e` is a reference that is only valid in the closure body
[INFO] [stdout]    |                    has type `&'1 mut CreateEmbed`
[INFO] [stdout] 88 | /             setup_embed(
[INFO] [stdout] 89 | |                 &req.current_user,
[INFO] [stdout] 90 | |                 e,
[INFO] [stdout] 91 | |                 "Deukbot",
[INFO] [stdout] 92 | |                 "A bot designed by Deukhoofd",
[INFO] [stdout] 93 | |             )
[INFO] [stdout]    | |             ^
[INFO] [stdout]    | |             |
[INFO] [stdout]    | |_____________`e` escapes the closure body here
[INFO] [stdout]    |               argument requires that `'1` must outlive `'static`
[INFO] [stdout] 
[INFO] [stdout] 
[INFO] [stdout] error[E0521]: borrowed data escapes outside of closure
[INFO] [stdout]    --> src/message_handling/command_handler/command_groups/general_commands.rs:107:13
[INFO] [stdout]     |
[INFO] [stdout] 106 |         m.embed(|e| {
[INFO] [stdout]     |                  -
[INFO] [stdout]     |                  |
[INFO] [stdout]     |                  `e` is a reference that is only valid in the closure body
[INFO] [stdout]     |                  has type `&'1 mut CreateEmbed`
[INFO] [stdout] 107 |             setup_embed(&req.current_user, e, "Pong", "Pong").field(
[INFO] [stdout]     |             ^^^^^^^^^^^^^^^^^^^^^^^^^^^^^^^^^^^^^^^^^^^^^^^^^
[INFO] [stdout]     |             |
[INFO] [stdout]     |             `e` escapes the closure body here
[INFO] [stdout]     |             argument requires that `'1` must outlive `'static`
[INFO] [stdout] 
[INFO] [stdout] 
[INFO] [stdout] error[E0521]: borrowed data escapes outside of closure
[INFO] [stdout]    --> src/message_handling/command_handler/command_groups/general_commands.rs:119:13
[INFO] [stdout]     |
[INFO] [stdout] 118 |         m.embed(|e| {
[INFO] [stdout]     |                  -
[INFO] [stdout]     |                  |
[INFO] [stdout]     |                  `e` is a reference that is only valid in the closure body
[INFO] [stdout]     |                  has type `&'1 mut CreateEmbed`
[INFO] [stdout] 119 |             setup_embed(&req.current_user, e, "Pong", "Pong")
[INFO] [stdout]     |             ^^^^^^^^^^^^^^^^^^^^^^^^^^^^^^^^^^^^^^^^^^^^^^^^^
[INFO] [stdout]     |             |
[INFO] [stdout]     |             `e` escapes the closure body here
[INFO] [stdout]     |             argument requires that `'1` must outlive `'static`
[INFO] [stdout] 
[INFO] [stdout] 
[INFO] [stdout] error[E0521]: borrowed data escapes outside of closure
[INFO] [stdout]    --> src/message_handling/command_handler/command_groups/general_commands.rs:107:13
[INFO] [stdout]     |
[INFO] [stdout] 106 |         m.embed(|e| {
[INFO] [stdout]     |                  -
[INFO] [stdout]     |                  |
[INFO] [stdout]     |                  `e` is a reference that is only valid in the closure body
[INFO] [stdout]     |                  has type `&'1 mut CreateEmbed`
[INFO] [stdout] 107 |             setup_embed(&req.current_user, e, "Pong", "Pong").field(
[INFO] [stdout]     |             ^^^^^^^^^^^^^^^^^^^^^^^^^^^^^^^^^^^^^^^^^^^^^^^^^
[INFO] [stdout]     |             |
[INFO] [stdout]     |             `e` escapes the closure body here
[INFO] [stdout]     |             argument requires that `'1` must outlive `'static`
[INFO] [stdout] 
[INFO] [stdout] 
[INFO] [stdout] error[E0521]: borrowed data escapes outside of closure
[INFO] [stdout]    --> src/message_handling/command_handler/command_groups/general_commands.rs:119:13
[INFO] [stdout]     |
[INFO] [stdout] 118 |         m.embed(|e| {
[INFO] [stdout]     |                  -
[INFO] [stdout]     |                  |
[INFO] [stdout]     |                  `e` is a reference that is only valid in the closure body
[INFO] [stdout]     |                  has type `&'1 mut CreateEmbed`
[INFO] [stdout] 119 |             setup_embed(&req.current_user, e, "Pong", "Pong")
[INFO] [stdout]     |             ^^^^^^^^^^^^^^^^^^^^^^^^^^^^^^^^^^^^^^^^^^^^^^^^^
[INFO] [stdout]     |             |
[INFO] [stdout]     |             `e` escapes the closure body here
[INFO] [stdout]     |             argument requires that `'1` must outlive `'static`
[INFO] [stdout] 
[INFO] [stdout] 
[INFO] [stdout] error[E0521]: borrowed data escapes outside of closure
[INFO] [stdout]    --> src/message_handling/command_handler/command_groups/general_commands.rs:165:25
[INFO] [stdout]     |
[INFO] [stdout] 165 |             m.embed(|e| setup_embed(u, e, "Avatar", "Can't find that user"))
[INFO] [stdout]     |                      -  ^^^^^^^^^^^^^^^^^^^^^^^^^^^^^^^^^^^^^^^^^^^^^^^^^^^
[INFO] [stdout]     |                      |  |
[INFO] [stdout]     |                      |  `e` escapes the closure body here
[INFO] [stdout]     |                      |  argument requires that `'1` must outlive `'static`
[INFO] [stdout]     |                      `e` is a reference that is only valid in the closure body
[INFO] [stdout]     |                      has type `&'1 mut CreateEmbed`
[INFO] [stdout] 
[INFO] [stdout] 
[INFO] [stdout] error[E0521]: borrowed data escapes outside of closure
[INFO] [stdout]    --> src/message_handling/command_handler/command_groups/general_commands.rs:165:25
[INFO] [stdout]     |
[INFO] [stdout] 165 |             m.embed(|e| setup_embed(u, e, "Avatar", "Can't find that user"))
[INFO] [stdout]     |                      -  ^^^^^^^^^^^^^^^^^^^^^^^^^^^^^^^^^^^^^^^^^^^^^^^^^^^
[INFO] [stdout]     |                      |  |
[INFO] [stdout]     |                      |  `e` escapes the closure body here
[INFO] [stdout]     |                      |  argument requires that `'1` must outlive `'static`
[INFO] [stdout]     |                      `e` is a reference that is only valid in the closure body
[INFO] [stdout]     |                      has type `&'1 mut CreateEmbed`
[INFO] [stdout] 
[INFO] [stdout] 
[INFO] [stdout] error[E0521]: borrowed data escapes outside of closure
[INFO] [stdout]    --> src/message_handling/command_handler/command_groups/general_commands.rs:187:21
[INFO] [stdout]     |
[INFO] [stdout] 187 |         m.embed(|e| setup_embed(&req.current_user, e, "Opinion", opinion))
[INFO] [stdout]     |                  -  ^^^^^^^^^^^^^^^^^^^^^^^^^^^^^^^^^^^^^^^^^^^^^^^^^^^^^
[INFO] [stdout]     |                  |  |
[INFO] [stdout]     |                  |  `e` escapes the closure body here
[INFO] [stdout]     |                  |  argument requires that `'1` must outlive `'static`
[INFO] [stdout]     |                  `e` is a reference that is only valid in the closure body
[INFO] [stdout]     |                  has type `&'1 mut CreateEmbed`
[INFO] [stdout] 
[INFO] [stdout] 
[INFO] [stdout] error[E0521]: borrowed data escapes outside of closure
[INFO] [stdout]    --> src/message_handling/command_handler/command_groups/general_commands.rs:187:21
[INFO] [stdout]     |
[INFO] [stdout] 187 |         m.embed(|e| setup_embed(&req.current_user, e, "Opinion", opinion))
[INFO] [stdout]     |                  -  ^^^^^^^^^^^^^^^^^^^^^^^^^^^^^^^^^^^^^^^^^^^^^^^^^^^^^
[INFO] [stdout]     |                  |  |
[INFO] [stdout]     |                  |  `e` escapes the closure body here
[INFO] [stdout]     |                  |  argument requires that `'1` must outlive `'static`
[INFO] [stdout]     |                  `e` is a reference that is only valid in the closure body
[INFO] [stdout]     |                  has type `&'1 mut CreateEmbed`
[INFO] [stdout] 
[INFO] [stdout] 
[INFO] [stdout] error[E0521]: borrowed data escapes outside of closure
[INFO] [stdout]   --> src/message_handling/command_handler/slash_command_handling/global_commands.rs:54:32
[INFO] [stdout]    |
[INFO] [stdout] 54 |             c.create_embed(|e| setup_embed(&data.user, e, "Pong", "Pong"))
[INFO] [stdout]    |                             -  ^^^^^^^^^^^^^^^^^^^^^^^^^^^^^^^^^^^^^^^^^^
[INFO] [stdout]    |                             |  |
[INFO] [stdout]    |                             |  `e` escapes the closure body here
[INFO] [stdout]    |                             |  argument requires that `'1` must outlive `'static`
[INFO] [stdout]    |                             `e` is a reference that is only valid in the closure body
[INFO] [stdout]    |                             has type `&'1 mut CreateEmbed`
[INFO] [stdout] 
[INFO] [stdout] 
[INFO] [stdout] error[E0521]: borrowed data escapes outside of closure
[INFO] [stdout]   --> src/message_handling/command_handler/slash_command_handling/global_commands.rs:54:32
[INFO] [stdout]    |
[INFO] [stdout] 54 |             c.create_embed(|e| setup_embed(&data.user, e, "Pong", "Pong"))
[INFO] [stdout]    |                             -  ^^^^^^^^^^^^^^^^^^^^^^^^^^^^^^^^^^^^^^^^^^
[INFO] [stdout]    |                             |  |
[INFO] [stdout]    |                             |  `e` escapes the closure body here
[INFO] [stdout]    |                             |  argument requires that `'1` must outlive `'static`
[INFO] [stdout]    |                             `e` is a reference that is only valid in the closure body
[INFO] [stdout]    |                             has type `&'1 mut CreateEmbed`
[INFO] [stdout] 
[INFO] [stdout] 
[INFO] [stdout] error[E0521]: borrowed data escapes outside of closure
[INFO] [stdout]    --> src/message_handling/command_handler/slash_command_handling/global_commands.rs:105:52
[INFO] [stdout]     |
[INFO] [stdout] 105 | ...                   c.create_embed(|e| setup_embed(&req.user, e, "Opinion", opinion))
[INFO] [stdout]     |                                       -  ^^^^^^^^^^^^^^^^^^^^^^^^^^^^^^^^^^^^^^^^^^^^^
[INFO] [stdout]     |                                       |  |
[INFO] [stdout]     |                                       |  `e` escapes the closure body here
[INFO] [stdout]     |                                       |  argument requires that `'1` must outlive `'static`
[INFO] [stdout]     |                                       `e` is a reference that is only valid in the closure body
[INFO] [stdout]     |                                       has type `&'1 mut CreateEmbed`
[INFO] [stdout] 
[INFO] [stdout] 
[INFO] [stdout] error[E0521]: borrowed data escapes outside of closure
[INFO] [stdout]    --> src/message_handling/command_handler/slash_command_handling/global_commands.rs:105:52
[INFO] [stdout]     |
[INFO] [stdout] 105 | ...                   c.create_embed(|e| setup_embed(&req.user, e, "Opinion", opinion))
[INFO] [stdout]     |                                       -  ^^^^^^^^^^^^^^^^^^^^^^^^^^^^^^^^^^^^^^^^^^^^^
[INFO] [stdout]     |                                       |  |
[INFO] [stdout]     |                                       |  `e` escapes the closure body here
[INFO] [stdout]     |                                       |  argument requires that `'1` must outlive `'static`
[INFO] [stdout]     |                                       `e` is a reference that is only valid in the closure body
[INFO] [stdout]     |                                       has type `&'1 mut CreateEmbed`
[INFO] [stdout] 
[INFO] [stdout] 
[INFO] [stdout] error: aborting due to 11 previous errors; 7 warnings emitted
[INFO] [stdout] 
[INFO] [stdout] 
[INFO] [stdout] Some errors have detailed explanations: E0261, E0432, E0521, E0557.
[INFO] [stdout] 
[INFO] [stdout] For more information about an error, try `rustc --explain E0261`.
[INFO] [stdout] 
[INFO] [stderr] error: could not compile `deukbot5` (bin "deukbot5" test) due to 12 previous errors; 7 warnings emitted
[INFO] [stderr] warning: build failed, waiting for other jobs to finish...
[INFO] [stdout] error: aborting due to 11 previous errors; 7 warnings emitted
[INFO] [stdout] 
[INFO] [stdout] 
[INFO] [stdout] Some errors have detailed explanations: E0261, E0432, E0521, E0557.
[INFO] [stdout] 
[INFO] [stdout] For more information about an error, try `rustc --explain E0261`.
[INFO] [stdout] 
[INFO] [stderr] error: could not compile `deukbot5` (bin "deukbot5") due to 12 previous errors; 7 warnings emitted
[INFO] running `Command { std: "docker" "inspect" "2d12b4b8b940da5ac58afced60489091d18140a1f688f846b0baaf64c4408583", kill_on_drop: false }`
[INFO] running `Command { std: "docker" "rm" "-f" "2d12b4b8b940da5ac58afced60489091d18140a1f688f846b0baaf64c4408583", kill_on_drop: false }`
[INFO] [stdout] 2d12b4b8b940da5ac58afced60489091d18140a1f688f846b0baaf64c4408583
